{"version":"1.0","provider_name":"Deutsche Minderheit, Sozial-Kulturelle Gesellschaft der Deutschen im Oppelner Schlesien","provider_url":"https:\/\/skgd.pl\/de","author_name":"Marcel \u015awierc","author_url":"https:\/\/skgd.pl\/de\/author\/marcel-swiercskgd-pl\/","title":"Erfolgreich beendet: Eine weitere \u201eProjektwoche\u201c mit dem DFK Stubendorf - Deutsche Minderheit, Sozial-Kulturelle Gesellschaft der Deutschen im Oppelner Schlesien","type":"rich","width":600,"height":338,"html":"<blockquote class=\"wp-embedded-content\" data-secret=\"euEqQRf8eE\"><a href=\"https:\/\/skgd.pl\/de\/za-nami-kolejna-edycja-projektwoche-z-dfk-izbicko\/\">Erfolgreich beendet: Eine weitere \u201eProjektwoche\u201c mit dem DFK Stubendorf<\/a><\/blockquote><iframe sandbox=\"allow-scripts\" security=\"restricted\" src=\"https:\/\/skgd.pl\/de\/za-nami-kolejna-edycja-projektwoche-z-dfk-izbicko\/embed\/#?secret=euEqQRf8eE\" width=\"600\" height=\"338\" title=\"&#8222;Erfolgreich beendet: Eine weitere \u201eProjektwoche\u201c mit dem DFK Stubendorf&#8220; &#8211; Deutsche Minderheit, Sozial-Kulturelle Gesellschaft der Deutschen im Oppelner Schlesien\" data-secret=\"euEqQRf8eE\" frameborder=\"0\" marginwidth=\"0\" marginheight=\"0\" scrolling=\"no\" class=\"wp-embedded-content\"><\/iframe><script>\n\/*! This file is auto-generated *\/\n!function(d,l){\"use strict\";l.querySelector&&d.addEventListener&&\"undefined\"!=typeof URL&&(d.wp=d.wp||{},d.wp.receiveEmbedMessage||(d.wp.receiveEmbedMessage=function(e){var t=e.data;if((t||t.secret||t.message||t.value)&&!\/[^a-zA-Z0-9]\/.test(t.secret)){for(var s,r,n,a=l.querySelectorAll('iframe[data-secret=\"'+t.secret+'\"]'),o=l.querySelectorAll('blockquote[data-secret=\"'+t.secret+'\"]'),c=new RegExp(\"^https?:$\",\"i\"),i=0;i<o.length;i++)o[i].style.display=\"none\";for(i=0;i<a.length;i++)s=a[i],e.source===s.contentWindow&&(s.removeAttribute(\"style\"),\"height\"===t.message?(1e3<(r=parseInt(t.value,10))?r=1e3:~~r<200&&(r=200),s.height=r):\"link\"===t.message&&(r=new URL(s.getAttribute(\"src\")),n=new URL(t.value),c.test(n.protocol))&&n.host===r.host&&l.activeElement===s&&(d.top.location.href=t.value))}},d.addEventListener(\"message\",d.wp.receiveEmbedMessage,!1),l.addEventListener(\"DOMContentLoaded\",function(){for(var e,t,s=l.querySelectorAll(\"iframe.wp-embedded-content\"),r=0;r<s.length;r++)(t=(e=s[r]).getAttribute(\"data-secret\"))||(t=Math.random().toString(36).substring(2,12),e.src+=\"#?secret=\"+t,e.setAttribute(\"data-secret\",t)),e.contentWindow.postMessage({message:\"ready\",secret:t},\"*\")},!1)))}(window,document);\n\/\/# sourceURL=https:\/\/skgd.pl\/wp-includes\/js\/wp-embed.min.js\n<\/script>\n","thumbnail_url":"https:\/\/skgd.pl\/wp-content\/uploads\/2026\/09\/DFk-izbicko-projektwoche.jpg","thumbnail_width":1200,"thumbnail_height":1600,"description":"K\u00f6rperliche Aktivit\u00e4t, das Entdecken lokaler Attraktionen und die Gelegenheit f\u00fcr eine gemeinsame Zeit \u2013 vom 27. Juli bis zum 31. Juli fand eine weitere Ausgabe des Events \u201eProjektwoche\u201c statt, einer traditionell vom DFK Stubendorf organisierten Feriengestaltung f\u00fcr die J\u00fcngsten. Das diesj\u00e4hrige Programm basierte auf einer Reihe von Radtouren, die die Teilnehmer durch die umliegenden Ortschaften [&hellip;]"}

Marcel Świerc

Körperliche Aktivität, das Entdecken lokaler Attraktionen und die Gelegenheit für eine gemeinsame Zeit – vom 27. Juli bis zum 31. Juli fand eine weitere Ausgabe des Events „Projektwoche“ statt, einer traditionell vom DFK Stubendorf organisierten Feriengestaltung für die Jüngsten. Das diesjährige Programm basierte auf einer Reihe von Radtouren, die die Teilnehmer durch die umliegenden Ortschaften [&hellip;]
