{"version":"1.0","provider_name":"Deutsche Minderheit, Sozial-Kulturelle Gesellschaft der Deutschen im Oppelner Schlesien","provider_url":"https:\/\/skgd.pl\/de","author_name":"Joanna Hassa","author_url":"https:\/\/skgd.pl\/de\/author\/asia\/","title":"Social-Media-Volont\u00e4r - Deutsche Minderheit, Sozial-Kulturelle Gesellschaft der Deutschen im Oppelner Schlesien","type":"rich","width":600,"height":338,"html":"<blockquote class=\"wp-embedded-content\" data-secret=\"Wq8Rpai8Fv\"><a href=\"https:\/\/skgd.pl\/de\/wolontariusz-w-social-media\/\">Social-Media-Volont\u00e4r<\/a><\/blockquote><iframe sandbox=\"allow-scripts\" security=\"restricted\" src=\"https:\/\/skgd.pl\/de\/wolontariusz-w-social-media\/embed\/#?secret=Wq8Rpai8Fv\" width=\"600\" height=\"338\" title=\"&#8222;Social-Media-Volont\u00e4r&#8220; &#8211; Deutsche Minderheit, Sozial-Kulturelle Gesellschaft der Deutschen im Oppelner Schlesien\" data-secret=\"Wq8Rpai8Fv\" frameborder=\"0\" marginwidth=\"0\" marginheight=\"0\" scrolling=\"no\" class=\"wp-embedded-content\"><\/iframe><script type=\"text\/javascript\">\n\/* <![CDATA[ *\/\n\/*! This file is auto-generated *\/\n!function(d,l){\"use strict\";l.querySelector&&d.addEventListener&&\"undefined\"!=typeof URL&&(d.wp=d.wp||{},d.wp.receiveEmbedMessage||(d.wp.receiveEmbedMessage=function(e){var t=e.data;if((t||t.secret||t.message||t.value)&&!\/[^a-zA-Z0-9]\/.test(t.secret)){for(var s,r,n,a=l.querySelectorAll('iframe[data-secret=\"'+t.secret+'\"]'),o=l.querySelectorAll('blockquote[data-secret=\"'+t.secret+'\"]'),c=new RegExp(\"^https?:$\",\"i\"),i=0;i<o.length;i++)o[i].style.display=\"none\";for(i=0;i<a.length;i++)s=a[i],e.source===s.contentWindow&&(s.removeAttribute(\"style\"),\"height\"===t.message?(1e3<(r=parseInt(t.value,10))?r=1e3:~~r<200&&(r=200),s.height=r):\"link\"===t.message&&(r=new URL(s.getAttribute(\"src\")),n=new URL(t.value),c.test(n.protocol))&&n.host===r.host&&l.activeElement===s&&(d.top.location.href=t.value))}},d.addEventListener(\"message\",d.wp.receiveEmbedMessage,!1),l.addEventListener(\"DOMContentLoaded\",function(){for(var e,t,s=l.querySelectorAll(\"iframe.wp-embedded-content\"),r=0;r<s.length;r++)(t=(e=s[r]).getAttribute(\"data-secret\"))||(t=Math.random().toString(36).substring(2,12),e.src+=\"#?secret=\"+t,e.setAttribute(\"data-secret\",t)),e.contentWindow.postMessage({message:\"ready\",secret:t},\"*\")},!1)))}(window,document);\n\/* ]]> *\/\n<\/script>\n","thumbnail_url":"https:\/\/skgd.pl\/wp-content\/uploads\/2015\/12\/8-IFA.png","thumbnail_width":217,"thumbnail_height":120,"description":"Im Rahmen der Medienf\u00f6rderung der deutschen Minderheiten unterst\u00fctzt das ifa eine online-basierte Plattform. Diese Plattform soll die deutschen Minderheiten in MOE, SOE und der GUS breitfl\u00e4chig und schnell erreichen, j\u00fcngere Angeh\u00f6rige ansprechen und in Deutschland \u00fcber diese Minderheiten informieren. Zu den Aufgaben im Rahmen der Ausbildung geh\u00f6ren u. a.: Konzeptionelle Mitentwicklung der netzwerkbasierten Online-Plattform Mind-Netz [&hellip;]"}

Social-Media-Volontär - Deutsche Minderheit, Sozial-Kulturelle Gesellschaft der Deutschen im Oppelner Schlesien

<blockquote class="wp-embedded-content" data-secret="Wq8Rpai8Fv"><a href="https://skgd.pl/de/wolontariusz-w-social-media/">Social-Media-Volontär</a></blockquote><iframe sandbox="allow-scripts" security="restricted" src="https://skgd.pl/de/wolontariusz-w-social-media/embed/#?secret=Wq8Rpai8Fv" width="600" height="338" title="&#8222;Social-Media-Volontär&#8220; &#8211; Deutsche Minderheit, Sozial-Kulturelle Gesellschaft der Deutschen im Oppelner Schlesien" data-secret="Wq8Rpai8Fv" frameborder="0" marginwidth="0" marginheight="0" scrolling="no" class="wp-embedded-content"></iframe><script type="text/javascript">
/* <![CDATA[ */
/*! This file is auto-generated */
!function(d,l){"use strict";l.querySelector&&d.addEventListener&&"undefined"!=typeof URL&&(d.wp=d.wp||{},d.wp.receiveEmbedMessage||(d.wp.receiveEmbedMessage=function(e){var t=e.data;if((t||t.secret||t.message||t.value)&&!/[^a-zA-Z0-9]/.test(t.secret)){for(var s,r,n,a=l.querySelectorAll('iframe[data-secret="'+t.secret+'"]'),o=l.querySelectorAll('blockquote[data-secret="'+t.secret+'"]'),c=new RegExp("^https?:$","i"),i=0;i<o.length;i++)o[i].style.display="none";for(i=0;i<a.length;i++)s=a[i],e.source===s.contentWindow&&(s.removeAttribute("style"),"height"===t.message?(1e3<(r=parseInt(t.value,10))?r=1e3:~~r<200&&(r=200),s.height=r):"link"===t.message&&(r=new URL(s.getAttribute("src")),n=new URL(t.value),c.test(n.protocol))&&n.host===r.host&&l.activeElement===s&&(d.top.location.href=t.value))}},d.addEventListener("message",d.wp.receiveEmbedMessage,!1),l.addEventListener("DOMContentLoaded",function(){for(var e,t,s=l.querySelectorAll("iframe.wp-embedded-content"),r=0;r<s.length;r++)(t=(e=s[r]).getAttribute("data-secret"))||(t=Math.random().toString(36).substring(2,12),e.src+="#?secret="+t,e.setAttribute("data-secret",t)),e.contentWindow.postMessage({message:"ready",secret:t},"*")},!1)))}(window,document);
/* ]]> */
</script>

Im Rahmen der Medienförderung der deutschen Minderheiten unterstützt das ifa eine online-basierte Plattform. Diese Plattform soll die deutschen Minderheiten in MOE, SOE und der GUS breitflächig und schnell erreichen, jüngere Angehörige ansprechen und in Deutschland über diese Minderheiten informieren. Zu den Aufgaben im Rahmen der Ausbildung gehören u. a.: Konzeptionelle Mitentwicklung der netzwerkbasierten Online-Plattform Mind-Netz [&hellip;]
