{"version":"1.0","provider_name":"Deutsche Minderheit, Sozial-Kulturelle Gesellschaft der Deutschen im Oppelner Schlesien","provider_url":"https:\/\/skgd.pl\/de","author_name":"Daniel Bewko","author_url":"https:\/\/skgd.pl\/de\/author\/daniel\/","title":"Greifen Sie f\u00fcr uns nach den Erinnerungen! - Deutsche Minderheit, Sozial-Kulturelle Gesellschaft der Deutschen im Oppelner Schlesien","type":"rich","width":600,"height":338,"html":"<blockquote class=\"wp-embedded-content\" data-secret=\"j8tDiCnQfZ\"><a href=\"https:\/\/skgd.pl\/de\/siegnij-dla-nas-do-wspomnien\/\">Greifen Sie f\u00fcr uns nach den Erinnerungen!<\/a><\/blockquote><iframe sandbox=\"allow-scripts\" security=\"restricted\" src=\"https:\/\/skgd.pl\/de\/siegnij-dla-nas-do-wspomnien\/embed\/#?secret=j8tDiCnQfZ\" width=\"600\" height=\"338\" title=\"&#8222;Greifen Sie f\u00fcr uns nach den Erinnerungen!&#8220; &#8211; Deutsche Minderheit, Sozial-Kulturelle Gesellschaft der Deutschen im Oppelner Schlesien\" data-secret=\"j8tDiCnQfZ\" frameborder=\"0\" marginwidth=\"0\" marginheight=\"0\" scrolling=\"no\" class=\"wp-embedded-content\"><\/iframe><script type=\"text\/javascript\">\n\/* <![CDATA[ *\/\n\/*! This file is auto-generated *\/\n!function(d,l){\"use strict\";l.querySelector&&d.addEventListener&&\"undefined\"!=typeof URL&&(d.wp=d.wp||{},d.wp.receiveEmbedMessage||(d.wp.receiveEmbedMessage=function(e){var t=e.data;if((t||t.secret||t.message||t.value)&&!\/[^a-zA-Z0-9]\/.test(t.secret)){for(var s,r,n,a=l.querySelectorAll('iframe[data-secret=\"'+t.secret+'\"]'),o=l.querySelectorAll('blockquote[data-secret=\"'+t.secret+'\"]'),c=new RegExp(\"^https?:$\",\"i\"),i=0;i<o.length;i++)o[i].style.display=\"none\";for(i=0;i<a.length;i++)s=a[i],e.source===s.contentWindow&&(s.removeAttribute(\"style\"),\"height\"===t.message?(1e3<(r=parseInt(t.value,10))?r=1e3:~~r<200&&(r=200),s.height=r):\"link\"===t.message&&(r=new URL(s.getAttribute(\"src\")),n=new URL(t.value),c.test(n.protocol))&&n.host===r.host&&l.activeElement===s&&(d.top.location.href=t.value))}},d.addEventListener(\"message\",d.wp.receiveEmbedMessage,!1),l.addEventListener(\"DOMContentLoaded\",function(){for(var e,t,s=l.querySelectorAll(\"iframe.wp-embedded-content\"),r=0;r<s.length;r++)(t=(e=s[r]).getAttribute(\"data-secret\"))||(t=Math.random().toString(36).substring(2,12),e.src+=\"#?secret=\"+t,e.setAttribute(\"data-secret\",t)),e.contentWindow.postMessage({message:\"ready\",secret:t},\"*\")},!1)))}(window,document);\n\/* ]]> *\/\n<\/script>\n","thumbnail_url":"https:\/\/skgd.pl\/wp-content\/uploads\/2024\/11\/Siegnij-do-wspomnien-1-scaled.jpg","thumbnail_width":2560,"thumbnail_height":1958,"description":"Lebkuchenbacken, gemeinsames Gestalten von Adventskr\u00e4nzen und Weihnachtskarten, Ausfl\u00fcge zu Weihnachtsm\u00e4rkten \u2013 all diese Aktivit\u00e4ten, die mit Advent und Weihnachten verbunden sind, werden auch in Kreisen der deutschen Minderheit besonders erwartet und gefeiert. Dokumentations- und Ausstellungszentrum der Deutschen in Polen \u2013 Abteilung der \u00d6ffentlichen Woiwodschaftsbibliothek in Oppeln, plant eine tempor\u00e4re Ausstellung, die die Traditionen und das [&hellip;]"}

Greifen Sie für uns nach den Erinnerungen! - Deutsche Minderheit, Sozial-Kulturelle Gesellschaft der Deutschen im Oppelner Schlesien

<blockquote class="wp-embedded-content" data-secret="j8tDiCnQfZ"><a href="https://skgd.pl/de/siegnij-dla-nas-do-wspomnien/">Greifen Sie für uns nach den Erinnerungen!</a></blockquote><iframe sandbox="allow-scripts" security="restricted" src="https://skgd.pl/de/siegnij-dla-nas-do-wspomnien/embed/#?secret=j8tDiCnQfZ" width="600" height="338" title="&#8222;Greifen Sie für uns nach den Erinnerungen!&#8220; &#8211; Deutsche Minderheit, Sozial-Kulturelle Gesellschaft der Deutschen im Oppelner Schlesien" data-secret="j8tDiCnQfZ" frameborder="0" marginwidth="0" marginheight="0" scrolling="no" class="wp-embedded-content"></iframe><script type="text/javascript">
/* <![CDATA[ */
/*! This file is auto-generated */
!function(d,l){"use strict";l.querySelector&&d.addEventListener&&"undefined"!=typeof URL&&(d.wp=d.wp||{},d.wp.receiveEmbedMessage||(d.wp.receiveEmbedMessage=function(e){var t=e.data;if((t||t.secret||t.message||t.value)&&!/[^a-zA-Z0-9]/.test(t.secret)){for(var s,r,n,a=l.querySelectorAll('iframe[data-secret="'+t.secret+'"]'),o=l.querySelectorAll('blockquote[data-secret="'+t.secret+'"]'),c=new RegExp("^https?:$","i"),i=0;i<o.length;i++)o[i].style.display="none";for(i=0;i<a.length;i++)s=a[i],e.source===s.contentWindow&&(s.removeAttribute("style"),"height"===t.message?(1e3<(r=parseInt(t.value,10))?r=1e3:~~r<200&&(r=200),s.height=r):"link"===t.message&&(r=new URL(s.getAttribute("src")),n=new URL(t.value),c.test(n.protocol))&&n.host===r.host&&l.activeElement===s&&(d.top.location.href=t.value))}},d.addEventListener("message",d.wp.receiveEmbedMessage,!1),l.addEventListener("DOMContentLoaded",function(){for(var e,t,s=l.querySelectorAll("iframe.wp-embedded-content"),r=0;r<s.length;r++)(t=(e=s[r]).getAttribute("data-secret"))||(t=Math.random().toString(36).substring(2,12),e.src+="#?secret="+t,e.setAttribute("data-secret",t)),e.contentWindow.postMessage({message:"ready",secret:t},"*")},!1)))}(window,document);
/* ]]> */
</script>

Lebkuchenbacken, gemeinsames Gestalten von Adventskränzen und Weihnachtskarten, Ausflüge zu Weihnachtsmärkten – all diese Aktivitäten, die mit Advent und Weihnachten verbunden sind, werden auch in Kreisen der deutschen Minderheit besonders erwartet und gefeiert. Dokumentations- und Ausstellungszentrum der Deutschen in Polen – Abteilung der Öffentlichen Woiwodschaftsbibliothek in Oppeln, plant eine temporäre Ausstellung, die die Traditionen und das [&hellip;]
