{"version":"1.0","provider_name":"Deutsche Minderheit, Sozial-Kulturelle Gesellschaft der Deutschen im Oppelner Schlesien","provider_url":"https:\/\/skgd.pl\/de","author_name":"Anna Koschny","author_url":"https:\/\/skgd.pl\/de\/author\/anna-koschnyskgd-pl\/","title":"Programm \u201eDMi-Aktiv\u201c \u2013 wir warten auf Ihre Antr\u00e4ge - Deutsche Minderheit, Sozial-Kulturelle Gesellschaft der Deutschen im Oppelner Schlesien","type":"rich","width":600,"height":338,"html":"<blockquote class=\"wp-embedded-content\" data-secret=\"fVT7SfLsb8\"><a href=\"https:\/\/skgd.pl\/de\/program-dmi-aktiv-czekamy-na-panstwa-wnioski\/\">Programm \u201eDMi-Aktiv\u201c \u2013 wir warten auf Ihre Antr\u00e4ge<\/a><\/blockquote><iframe sandbox=\"allow-scripts\" security=\"restricted\" src=\"https:\/\/skgd.pl\/de\/program-dmi-aktiv-czekamy-na-panstwa-wnioski\/embed\/#?secret=fVT7SfLsb8\" width=\"600\" height=\"338\" title=\"&#8222;Programm \u201eDMi-Aktiv\u201c \u2013 wir warten auf Ihre Antr\u00e4ge&#8220; &#8211; Deutsche Minderheit, Sozial-Kulturelle Gesellschaft der Deutschen im Oppelner Schlesien\" data-secret=\"fVT7SfLsb8\" frameborder=\"0\" marginwidth=\"0\" marginheight=\"0\" scrolling=\"no\" class=\"wp-embedded-content\"><\/iframe><script type=\"text\/javascript\">\n\/* <![CDATA[ *\/\n\/*! This file is auto-generated *\/\n!function(d,l){\"use strict\";l.querySelector&&d.addEventListener&&\"undefined\"!=typeof URL&&(d.wp=d.wp||{},d.wp.receiveEmbedMessage||(d.wp.receiveEmbedMessage=function(e){var t=e.data;if((t||t.secret||t.message||t.value)&&!\/[^a-zA-Z0-9]\/.test(t.secret)){for(var s,r,n,a=l.querySelectorAll('iframe[data-secret=\"'+t.secret+'\"]'),o=l.querySelectorAll('blockquote[data-secret=\"'+t.secret+'\"]'),c=new RegExp(\"^https?:$\",\"i\"),i=0;i<o.length;i++)o[i].style.display=\"none\";for(i=0;i<a.length;i++)s=a[i],e.source===s.contentWindow&&(s.removeAttribute(\"style\"),\"height\"===t.message?(1e3<(r=parseInt(t.value,10))?r=1e3:~~r<200&&(r=200),s.height=r):\"link\"===t.message&&(r=new URL(s.getAttribute(\"src\")),n=new URL(t.value),c.test(n.protocol))&&n.host===r.host&&l.activeElement===s&&(d.top.location.href=t.value))}},d.addEventListener(\"message\",d.wp.receiveEmbedMessage,!1),l.addEventListener(\"DOMContentLoaded\",function(){for(var e,t,s=l.querySelectorAll(\"iframe.wp-embedded-content\"),r=0;r<s.length;r++)(t=(e=s[r]).getAttribute(\"data-secret\"))||(t=Math.random().toString(36).substring(2,12),e.src+=\"#?secret=\"+t,e.setAttribute(\"data-secret\",t)),e.contentWindow.postMessage({message:\"ready\",secret:t},\"*\")},!1)))}(window,document);\n\/* ]]> *\/\n<\/script>\n","thumbnail_url":"https:\/\/skgd.pl\/wp-content\/uploads\/2026\/03\/649620616_1367541318748641_342654162607743285_n.jpg","thumbnail_width":940,"thumbnail_height":788,"description":"Bis zum 7. April 2026 k\u00f6nnen Sie Antr\u00e4ge zum Programm \u201eDMi-Aktiv\u201c einreichen. Die finanzielle Unterst\u00fctzung ist f\u00fcr Projekte gedacht, die die deutsche Sprache, Kultur und Identit\u00e4t der deutschen Minderheit in Polen st\u00e4rken und das soziale Engagement, vor allem von Kindern und Jugendlichen, f\u00f6rdern. Die Projekte k\u00f6nnen vom 15. April bis zum 30. November 2026 durchgef\u00fchrt [&hellip;]"}

Programm „DMi-Aktiv“ – wir warten auf Ihre Anträge - Deutsche Minderheit, Sozial-Kulturelle Gesellschaft der Deutschen im Oppelner Schlesien

<blockquote class="wp-embedded-content" data-secret="fVT7SfLsb8"><a href="https://skgd.pl/de/program-dmi-aktiv-czekamy-na-panstwa-wnioski/">Programm „DMi-Aktiv“ – wir warten auf Ihre Anträge</a></blockquote><iframe sandbox="allow-scripts" security="restricted" src="https://skgd.pl/de/program-dmi-aktiv-czekamy-na-panstwa-wnioski/embed/#?secret=fVT7SfLsb8" width="600" height="338" title="&#8222;Programm „DMi-Aktiv“ – wir warten auf Ihre Anträge&#8220; &#8211; Deutsche Minderheit, Sozial-Kulturelle Gesellschaft der Deutschen im Oppelner Schlesien" data-secret="fVT7SfLsb8" frameborder="0" marginwidth="0" marginheight="0" scrolling="no" class="wp-embedded-content"></iframe><script type="text/javascript">
/* <![CDATA[ */
/*! This file is auto-generated */
!function(d,l){"use strict";l.querySelector&&d.addEventListener&&"undefined"!=typeof URL&&(d.wp=d.wp||{},d.wp.receiveEmbedMessage||(d.wp.receiveEmbedMessage=function(e){var t=e.data;if((t||t.secret||t.message||t.value)&&!/[^a-zA-Z0-9]/.test(t.secret)){for(var s,r,n,a=l.querySelectorAll('iframe[data-secret="'+t.secret+'"]'),o=l.querySelectorAll('blockquote[data-secret="'+t.secret+'"]'),c=new RegExp("^https?:$","i"),i=0;i<o.length;i++)o[i].style.display="none";for(i=0;i<a.length;i++)s=a[i],e.source===s.contentWindow&&(s.removeAttribute("style"),"height"===t.message?(1e3<(r=parseInt(t.value,10))?r=1e3:~~r<200&&(r=200),s.height=r):"link"===t.message&&(r=new URL(s.getAttribute("src")),n=new URL(t.value),c.test(n.protocol))&&n.host===r.host&&l.activeElement===s&&(d.top.location.href=t.value))}},d.addEventListener("message",d.wp.receiveEmbedMessage,!1),l.addEventListener("DOMContentLoaded",function(){for(var e,t,s=l.querySelectorAll("iframe.wp-embedded-content"),r=0;r<s.length;r++)(t=(e=s[r]).getAttribute("data-secret"))||(t=Math.random().toString(36).substring(2,12),e.src+="#?secret="+t,e.setAttribute("data-secret",t)),e.contentWindow.postMessage({message:"ready",secret:t},"*")},!1)))}(window,document);
/* ]]> */
</script>

Bis zum 7. April 2026 können Sie Anträge zum Programm „DMi-Aktiv“ einreichen. Die finanzielle Unterstützung ist für Projekte gedacht, die die deutsche Sprache, Kultur und Identität der deutschen Minderheit in Polen stärken und das soziale Engagement, vor allem von Kindern und Jugendlichen, fördern. Die Projekte können vom 15. April bis zum 30. November 2026 durchgeführt [&hellip;]
