{"version":"1.0","provider_name":"Deutsche Minderheit, Sozial-Kulturelle Gesellschaft der Deutschen im Oppelner Schlesien","provider_url":"https:\/\/skgd.pl\/de","author_name":"Joanna Hassa","author_url":"https:\/\/skgd.pl\/de\/author\/asia\/","title":"Neues Programm zum unterrichten Der Minderheitssprache Im Kindergarten - Deutsche Minderheit, Sozial-Kulturelle Gesellschaft der Deutschen im Oppelner Schlesien","type":"rich","width":600,"height":338,"html":"<blockquote class=\"wp-embedded-content\" data-secret=\"IaOqqKtPTI\"><a href=\"https:\/\/skgd.pl\/de\/nowy-program-do-nauczania-jezyka-mniejszosci-w-przedszkolu\/\">Neues Programm zum unterrichten Der Minderheitssprache Im Kindergarten<\/a><\/blockquote><iframe sandbox=\"allow-scripts\" security=\"restricted\" src=\"https:\/\/skgd.pl\/de\/nowy-program-do-nauczania-jezyka-mniejszosci-w-przedszkolu\/embed\/#?secret=IaOqqKtPTI\" width=\"600\" height=\"338\" title=\"&#8222;Neues Programm zum unterrichten Der Minderheitssprache Im Kindergarten&#8220; &#8211; Deutsche Minderheit, Sozial-Kulturelle Gesellschaft der Deutschen im Oppelner Schlesien\" data-secret=\"IaOqqKtPTI\" frameborder=\"0\" marginwidth=\"0\" marginheight=\"0\" scrolling=\"no\" class=\"wp-embedded-content\"><\/iframe><script type=\"text\/javascript\">\n\/* <![CDATA[ *\/\n\/*! This file is auto-generated *\/\n!function(d,l){\"use strict\";l.querySelector&&d.addEventListener&&\"undefined\"!=typeof URL&&(d.wp=d.wp||{},d.wp.receiveEmbedMessage||(d.wp.receiveEmbedMessage=function(e){var t=e.data;if((t||t.secret||t.message||t.value)&&!\/[^a-zA-Z0-9]\/.test(t.secret)){for(var s,r,n,a=l.querySelectorAll('iframe[data-secret=\"'+t.secret+'\"]'),o=l.querySelectorAll('blockquote[data-secret=\"'+t.secret+'\"]'),c=new RegExp(\"^https?:$\",\"i\"),i=0;i<o.length;i++)o[i].style.display=\"none\";for(i=0;i<a.length;i++)s=a[i],e.source===s.contentWindow&&(s.removeAttribute(\"style\"),\"height\"===t.message?(1e3<(r=parseInt(t.value,10))?r=1e3:~~r<200&&(r=200),s.height=r):\"link\"===t.message&&(r=new URL(s.getAttribute(\"src\")),n=new URL(t.value),c.test(n.protocol))&&n.host===r.host&&l.activeElement===s&&(d.top.location.href=t.value))}},d.addEventListener(\"message\",d.wp.receiveEmbedMessage,!1),l.addEventListener(\"DOMContentLoaded\",function(){for(var e,t,s=l.querySelectorAll(\"iframe.wp-embedded-content\"),r=0;r<s.length;r++)(t=(e=s[r]).getAttribute(\"data-secret\"))||(t=Math.random().toString(36).substring(2,12),e.src+=\"#?secret=\"+t,e.setAttribute(\"data-secret\",t)),e.contentWindow.postMessage({message:\"ready\",secret:t},\"*\")},!1)))}(window,document);\n\/* ]]> *\/\n<\/script>\n","thumbnail_url":"https:\/\/skgd.pl\/wp-content\/uploads\/2026\/01\/materialy-1-216x300-1.jpg","thumbnail_width":216,"thumbnail_height":300,"description":"Sehr geehrte Damen und Herren, wir m\u00f6chten Sie h\u00f6flich dar\u00fcber informieren, dass es uns zum Jahresende gemeinsam mit den Autorinnen Dr. Aleksandra \u0141yp-Bielecka und Mag. Emilia W\u00f3jcik sowie der Rezensentin Dr. Alina Dittmann das \u201eLehrprogramm f\u00fcr Deutsch als Minderheitensprache im Kindergarten\u201d und das \u201eLehrprogramm f\u00fcr Deutsch als Minderheitensprache im Kindergarten \u2013 Beispielszenarien f\u00fcr den Unterricht\u201d [&hellip;]"}

Sehr geehrte Damen und Herren, wir möchten Sie höflich darüber informieren, dass es uns zum Jahresende gemeinsam mit den Autorinnen Dr. Aleksandra Łyp-Bielecka und Mag. Emilia Wójcik sowie der Rezensentin Dr. Alina Dittmann das „Lehrprogramm für Deutsch als Minderheitensprache im Kindergarten” und das „Lehrprogramm für Deutsch als Minderheitensprache im Kindergarten – Beispielszenarien für den Unterricht” [&hellip;]
