{"version":"1.0","provider_name":"Deutsche Minderheit, Sozial-Kulturelle Gesellschaft der Deutschen im Oppelner Schlesien","provider_url":"https:\/\/skgd.pl\/de","author_name":"Joanna Hassa","author_url":"https:\/\/skgd.pl\/de\/author\/asia\/","title":"Die Rekrutierung von Volksz\u00e4hlungsz\u00e4hlern wird bis 16.02.2021 verl\u00e4ngert! - Deutsche Minderheit, Sozial-Kulturelle Gesellschaft der Deutschen im Oppelner Schlesien","type":"rich","width":600,"height":338,"html":"<blockquote class=\"wp-embedded-content\" data-secret=\"0HHdyVBEC0\"><a href=\"https:\/\/skgd.pl\/de\/nabor-na-rachmistrzow-spisowych-przedluzony-do-16-lutego\/\">Die Rekrutierung von Volksz\u00e4hlungsz\u00e4hlern wird bis 16.02.2021 verl\u00e4ngert!<\/a><\/blockquote><iframe sandbox=\"allow-scripts\" security=\"restricted\" src=\"https:\/\/skgd.pl\/de\/nabor-na-rachmistrzow-spisowych-przedluzony-do-16-lutego\/embed\/#?secret=0HHdyVBEC0\" width=\"600\" height=\"338\" title=\"&#8222;Die Rekrutierung von Volksz\u00e4hlungsz\u00e4hlern wird bis 16.02.2021 verl\u00e4ngert!&#8220; &#8211; Deutsche Minderheit, Sozial-Kulturelle Gesellschaft der Deutschen im Oppelner Schlesien\" data-secret=\"0HHdyVBEC0\" frameborder=\"0\" marginwidth=\"0\" marginheight=\"0\" scrolling=\"no\" class=\"wp-embedded-content\"><\/iframe><script type=\"text\/javascript\">\n\/* <![CDATA[ *\/\n\/*! This file is auto-generated *\/\n!function(d,l){\"use strict\";l.querySelector&&d.addEventListener&&\"undefined\"!=typeof URL&&(d.wp=d.wp||{},d.wp.receiveEmbedMessage||(d.wp.receiveEmbedMessage=function(e){var t=e.data;if((t||t.secret||t.message||t.value)&&!\/[^a-zA-Z0-9]\/.test(t.secret)){for(var s,r,n,a=l.querySelectorAll('iframe[data-secret=\"'+t.secret+'\"]'),o=l.querySelectorAll('blockquote[data-secret=\"'+t.secret+'\"]'),c=new RegExp(\"^https?:$\",\"i\"),i=0;i<o.length;i++)o[i].style.display=\"none\";for(i=0;i<a.length;i++)s=a[i],e.source===s.contentWindow&&(s.removeAttribute(\"style\"),\"height\"===t.message?(1e3<(r=parseInt(t.value,10))?r=1e3:~~r<200&&(r=200),s.height=r):\"link\"===t.message&&(r=new URL(s.getAttribute(\"src\")),n=new URL(t.value),c.test(n.protocol))&&n.host===r.host&&l.activeElement===s&&(d.top.location.href=t.value))}},d.addEventListener(\"message\",d.wp.receiveEmbedMessage,!1),l.addEventListener(\"DOMContentLoaded\",function(){for(var e,t,s=l.querySelectorAll(\"iframe.wp-embedded-content\"),r=0;r<s.length;r++)(t=(e=s[r]).getAttribute(\"data-secret\"))||(t=Math.random().toString(36).substring(2,12),e.src+=\"#?secret=\"+t,e.setAttribute(\"data-secret\",t)),e.contentWindow.postMessage({message:\"ready\",secret:t},\"*\")},!1)))}(window,document);\n\/* ]]> *\/\n<\/script>\n","thumbnail_url":"https:\/\/skgd.pl\/wp-content\/uploads\/2021\/01\/2021.01.27_spis_powszechny_plakat.jpg","thumbnail_width":900,"thumbnail_height":400,"description":"Die Volksz\u00e4hlung 2021 wird vom 1. April bis 30. September 2021 durchgef\u00fchrt. Es ist bekannt, welcher Umfang an Informationen bei der diesj\u00e4hrigen Volksz\u00e4hlung gesammelt wird. Tats\u00e4chlich handelt es sich hierbei um Basisdaten, Alter, Adresse, Familienstand, Staatsb\u00fcrgerschaft, Bildungsniveau, aber auch um Daten zur beruflichen T\u00e4tigkeit oder zum Grad der Behinderung. Die Liste enth\u00e4lt auch Informationen dar\u00fcber, [&hellip;]"}

Die Rekrutierung von Volkszählungszählern wird bis 16.02.2021 verlängert! - Deutsche Minderheit, Sozial-Kulturelle Gesellschaft der Deutschen im Oppelner Schlesien

<blockquote class="wp-embedded-content" data-secret="0HHdyVBEC0"><a href="https://skgd.pl/de/nabor-na-rachmistrzow-spisowych-przedluzony-do-16-lutego/">Die Rekrutierung von Volkszählungszählern wird bis 16.02.2021 verlängert!</a></blockquote><iframe sandbox="allow-scripts" security="restricted" src="https://skgd.pl/de/nabor-na-rachmistrzow-spisowych-przedluzony-do-16-lutego/embed/#?secret=0HHdyVBEC0" width="600" height="338" title="&#8222;Die Rekrutierung von Volkszählungszählern wird bis 16.02.2021 verlängert!&#8220; &#8211; Deutsche Minderheit, Sozial-Kulturelle Gesellschaft der Deutschen im Oppelner Schlesien" data-secret="0HHdyVBEC0" frameborder="0" marginwidth="0" marginheight="0" scrolling="no" class="wp-embedded-content"></iframe><script type="text/javascript">
/* <![CDATA[ */
/*! This file is auto-generated */
!function(d,l){"use strict";l.querySelector&&d.addEventListener&&"undefined"!=typeof URL&&(d.wp=d.wp||{},d.wp.receiveEmbedMessage||(d.wp.receiveEmbedMessage=function(e){var t=e.data;if((t||t.secret||t.message||t.value)&&!/[^a-zA-Z0-9]/.test(t.secret)){for(var s,r,n,a=l.querySelectorAll('iframe[data-secret="'+t.secret+'"]'),o=l.querySelectorAll('blockquote[data-secret="'+t.secret+'"]'),c=new RegExp("^https?:$","i"),i=0;i<o.length;i++)o[i].style.display="none";for(i=0;i<a.length;i++)s=a[i],e.source===s.contentWindow&&(s.removeAttribute("style"),"height"===t.message?(1e3<(r=parseInt(t.value,10))?r=1e3:~~r<200&&(r=200),s.height=r):"link"===t.message&&(r=new URL(s.getAttribute("src")),n=new URL(t.value),c.test(n.protocol))&&n.host===r.host&&l.activeElement===s&&(d.top.location.href=t.value))}},d.addEventListener("message",d.wp.receiveEmbedMessage,!1),l.addEventListener("DOMContentLoaded",function(){for(var e,t,s=l.querySelectorAll("iframe.wp-embedded-content"),r=0;r<s.length;r++)(t=(e=s[r]).getAttribute("data-secret"))||(t=Math.random().toString(36).substring(2,12),e.src+="#?secret="+t,e.setAttribute("data-secret",t)),e.contentWindow.postMessage({message:"ready",secret:t},"*")},!1)))}(window,document);
/* ]]> */
</script>

Die Volkszählung 2021 wird vom 1. April bis 30. September 2021 durchgeführt. Es ist bekannt, welcher Umfang an Informationen bei der diesjährigen Volkszählung gesammelt wird. Tatsächlich handelt es sich hierbei um Basisdaten, Alter, Adresse, Familienstand, Staatsbürgerschaft, Bildungsniveau, aber auch um Daten zur beruflichen Tätigkeit oder zum Grad der Behinderung. Die Liste enthält auch Informationen darüber, [&hellip;]
