{"version":"1.0","provider_name":"Deutsche Minderheit, Sozial-Kulturelle Gesellschaft der Deutschen im Oppelner Schlesien","provider_url":"https:\/\/skgd.pl\/de","author_name":"Marcel \u015awierc","author_url":"https:\/\/skgd.pl\/de\/author\/marcel-swiercskgd-pl\/","title":"Gute Nachricht von der VdG! Die Anmeldefrist wurde verl\u00e4ngert! - Deutsche Minderheit, Sozial-Kulturelle Gesellschaft der Deutschen im Oppelner Schlesien","type":"rich","width":600,"height":338,"html":"<blockquote class=\"wp-embedded-content\" data-secret=\"z6onpl8noI\"><a href=\"https:\/\/skgd.pl\/de\/dobra-wiadomosc-od-vdg-przedluzono-termin-zgloszen\/\">Gute Nachricht von der VdG! Die Anmeldefrist wurde verl\u00e4ngert!<\/a><\/blockquote><iframe sandbox=\"allow-scripts\" security=\"restricted\" src=\"https:\/\/skgd.pl\/de\/dobra-wiadomosc-od-vdg-przedluzono-termin-zgloszen\/embed\/#?secret=z6onpl8noI\" width=\"600\" height=\"338\" title=\"&#8222;Gute Nachricht von der VdG! Die Anmeldefrist wurde verl\u00e4ngert!&#8220; &#8211; Deutsche Minderheit, Sozial-Kulturelle Gesellschaft der Deutschen im Oppelner Schlesien\" data-secret=\"z6onpl8noI\" frameborder=\"0\" marginwidth=\"0\" marginheight=\"0\" scrolling=\"no\" class=\"wp-embedded-content\"><\/iframe><script>\n\/*! This file is auto-generated *\/\n!function(d,l){\"use strict\";l.querySelector&&d.addEventListener&&\"undefined\"!=typeof URL&&(d.wp=d.wp||{},d.wp.receiveEmbedMessage||(d.wp.receiveEmbedMessage=function(e){var t=e.data;if((t||t.secret||t.message||t.value)&&!\/[^a-zA-Z0-9]\/.test(t.secret)){for(var s,r,n,a=l.querySelectorAll('iframe[data-secret=\"'+t.secret+'\"]'),o=l.querySelectorAll('blockquote[data-secret=\"'+t.secret+'\"]'),c=new RegExp(\"^https?:$\",\"i\"),i=0;i<o.length;i++)o[i].style.display=\"none\";for(i=0;i<a.length;i++)s=a[i],e.source===s.contentWindow&&(s.removeAttribute(\"style\"),\"height\"===t.message?(1e3<(r=parseInt(t.value,10))?r=1e3:~~r<200&&(r=200),s.height=r):\"link\"===t.message&&(r=new URL(s.getAttribute(\"src\")),n=new URL(t.value),c.test(n.protocol))&&n.host===r.host&&l.activeElement===s&&(d.top.location.href=t.value))}},d.addEventListener(\"message\",d.wp.receiveEmbedMessage,!1),l.addEventListener(\"DOMContentLoaded\",function(){for(var e,t,s=l.querySelectorAll(\"iframe.wp-embedded-content\"),r=0;r<s.length;r++)(t=(e=s[r]).getAttribute(\"data-secret\"))||(t=Math.random().toString(36).substring(2,12),e.src+=\"#?secret=\"+t,e.setAttribute(\"data-secret\",t)),e.contentWindow.postMessage({message:\"ready\",secret:t},\"*\")},!1)))}(window,document);\n\/\/# sourceURL=https:\/\/skgd.pl\/wp-includes\/js\/wp-embed.min.js\n<\/script>\n","thumbnail_url":"https:\/\/skgd.pl\/wp-content\/uploads\/2026\/09\/post-konkurs.jpeg","thumbnail_width":1131,"thumbnail_height":1600,"description":"Auf vielfachen Wunsch verl\u00e4ngert der Verband der deutschen sozial-kulturellen Gesellschaften in Polen (VdG) die Frist f\u00fcr die Einreichung von Beitr\u00e4gen f\u00fcr den Musikwettbewerb!&nbsp; Anmeldungen werden noch bis zum 13. September 2026 entgegengenommen!&nbsp; Machst du Musik auf Deutsch? Singst du solo oder in einer Band? Dann ist dieser Wettbewerb genau das Richtige f\u00fcr dich! Auf den [&hellip;]"}

Marcel Świerc

Gute Nachricht von der VdG! Die Anmeldefrist wurde verlängert! - Deutsche Minderheit, Sozial-Kulturelle Gesellschaft der Deutschen im Oppelner Schlesien

<blockquote class="wp-embedded-content" data-secret="z6onpl8noI"><a href="https://skgd.pl/de/dobra-wiadomosc-od-vdg-przedluzono-termin-zgloszen/">Gute Nachricht von der VdG! Die Anmeldefrist wurde verlängert!</a></blockquote><iframe sandbox="allow-scripts" security="restricted" src="https://skgd.pl/de/dobra-wiadomosc-od-vdg-przedluzono-termin-zgloszen/embed/#?secret=z6onpl8noI" width="600" height="338" title="&#8222;Gute Nachricht von der VdG! Die Anmeldefrist wurde verlängert!&#8220; &#8211; Deutsche Minderheit, Sozial-Kulturelle Gesellschaft der Deutschen im Oppelner Schlesien" data-secret="z6onpl8noI" frameborder="0" marginwidth="0" marginheight="0" scrolling="no" class="wp-embedded-content"></iframe><script>
/*! This file is auto-generated */
!function(d,l){"use strict";l.querySelector&&d.addEventListener&&"undefined"!=typeof URL&&(d.wp=d.wp||{},d.wp.receiveEmbedMessage||(d.wp.receiveEmbedMessage=function(e){var t=e.data;if((t||t.secret||t.message||t.value)&&!/[^a-zA-Z0-9]/.test(t.secret)){for(var s,r,n,a=l.querySelectorAll('iframe[data-secret="'+t.secret+'"]'),o=l.querySelectorAll('blockquote[data-secret="'+t.secret+'"]'),c=new RegExp("^https?:$","i"),i=0;i<o.length;i++)o[i].style.display="none";for(i=0;i<a.length;i++)s=a[i],e.source===s.contentWindow&&(s.removeAttribute("style"),"height"===t.message?(1e3<(r=parseInt(t.value,10))?r=1e3:~~r<200&&(r=200),s.height=r):"link"===t.message&&(r=new URL(s.getAttribute("src")),n=new URL(t.value),c.test(n.protocol))&&n.host===r.host&&l.activeElement===s&&(d.top.location.href=t.value))}},d.addEventListener("message",d.wp.receiveEmbedMessage,!1),l.addEventListener("DOMContentLoaded",function(){for(var e,t,s=l.querySelectorAll("iframe.wp-embedded-content"),r=0;r<s.length;r++)(t=(e=s[r]).getAttribute("data-secret"))||(t=Math.random().toString(36).substring(2,12),e.src+="#?secret="+t,e.setAttribute("data-secret",t)),e.contentWindow.postMessage({message:"ready",secret:t},"*")},!1)))}(window,document);
//# sourceURL=https://skgd.pl/wp-includes/js/wp-embed.min.js
</script>

Auf vielfachen Wunsch verlängert der Verband der deutschen sozial-kulturellen Gesellschaften in Polen (VdG) die Frist für die Einreichung von Beiträgen für den Musikwettbewerb!&nbsp; Anmeldungen werden noch bis zum 13. September 2026 entgegengenommen!&nbsp; Machst du Musik auf Deutsch? Singst du solo oder in einer Band? Dann ist dieser Wettbewerb genau das Richtige für dich! Auf den [&hellip;]
