{"version":"1.0","provider_name":"Deutsche Minderheit, Sozial-Kulturelle Gesellschaft der Deutschen im Oppelner Schlesien","provider_url":"https:\/\/skgd.pl\/de","author_name":"Anna Koschny","author_url":"https:\/\/skgd.pl\/de\/author\/anna-koschnyskgd-pl\/","title":"BJDM startet die Anmeldung f\u00fcr die 6. Edition von Jugendpunkt! - Deutsche Minderheit, Sozial-Kulturelle Gesellschaft der Deutschen im Oppelner Schlesien","type":"rich","width":600,"height":338,"html":"<blockquote class=\"wp-embedded-content\" data-secret=\"ok69RHeDNe\"><a href=\"https:\/\/skgd.pl\/de\/bjdm-rusza-z-zapisami-do-6-edycji-jugendpunkt\/\">BJDM startet die Anmeldung f\u00fcr die 6. Edition von Jugendpunkt!<\/a><\/blockquote><iframe sandbox=\"allow-scripts\" security=\"restricted\" src=\"https:\/\/skgd.pl\/de\/bjdm-rusza-z-zapisami-do-6-edycji-jugendpunkt\/embed\/#?secret=ok69RHeDNe\" width=\"600\" height=\"338\" title=\"&#8222;BJDM startet die Anmeldung f\u00fcr die 6. Edition von Jugendpunkt!&#8220; &#8211; Deutsche Minderheit, Sozial-Kulturelle Gesellschaft der Deutschen im Oppelner Schlesien\" data-secret=\"ok69RHeDNe\" frameborder=\"0\" marginwidth=\"0\" marginheight=\"0\" scrolling=\"no\" class=\"wp-embedded-content\"><\/iframe><script type=\"text\/javascript\">\n\/* <![CDATA[ *\/\n\/*! This file is auto-generated *\/\n!function(d,l){\"use strict\";l.querySelector&&d.addEventListener&&\"undefined\"!=typeof URL&&(d.wp=d.wp||{},d.wp.receiveEmbedMessage||(d.wp.receiveEmbedMessage=function(e){var t=e.data;if((t||t.secret||t.message||t.value)&&!\/[^a-zA-Z0-9]\/.test(t.secret)){for(var s,r,n,a=l.querySelectorAll('iframe[data-secret=\"'+t.secret+'\"]'),o=l.querySelectorAll('blockquote[data-secret=\"'+t.secret+'\"]'),c=new RegExp(\"^https?:$\",\"i\"),i=0;i<o.length;i++)o[i].style.display=\"none\";for(i=0;i<a.length;i++)s=a[i],e.source===s.contentWindow&&(s.removeAttribute(\"style\"),\"height\"===t.message?(1e3<(r=parseInt(t.value,10))?r=1e3:~~r<200&&(r=200),s.height=r):\"link\"===t.message&&(r=new URL(s.getAttribute(\"src\")),n=new URL(t.value),c.test(n.protocol))&&n.host===r.host&&l.activeElement===s&&(d.top.location.href=t.value))}},d.addEventListener(\"message\",d.wp.receiveEmbedMessage,!1),l.addEventListener(\"DOMContentLoaded\",function(){for(var e,t,s=l.querySelectorAll(\"iframe.wp-embedded-content\"),r=0;r<s.length;r++)(t=(e=s[r]).getAttribute(\"data-secret\"))||(t=Math.random().toString(36).substring(2,12),e.src+=\"#?secret=\"+t,e.setAttribute(\"data-secret\",t)),e.contentWindow.postMessage({message:\"ready\",secret:t},\"*\")},!1)))}(window,document);\n\/* ]]> *\/\n<\/script>\n","thumbnail_url":"https:\/\/skgd.pl\/wp-content\/uploads\/2026\/04\/679573054_1278624431140737_4568430081263914558_n.jpg","thumbnail_width":1200,"thumbnail_height":628,"description":"Wir freuen uns, euch mitteilen zu k\u00f6nnen, dass der Bund der Jugend der Deutschen Minderheit (BJDM) die sechste Edition seines Erfolgsprojekts Jugendpunkt einl\u00e4utet! Es ist Zeit f\u00fcr au\u00dfergew\u00f6hnliche Begegnungen, kreative Workshops und neue Energie in euren Orten. Wir unterst\u00fctzen den BJDM bei der Bewerbung und laden euch herzlich zur Teilnahme ein! Das Projekt startet an [&hellip;]"}

BJDM startet die Anmeldung für die 6. Edition von Jugendpunkt! - Deutsche Minderheit, Sozial-Kulturelle Gesellschaft der Deutschen im Oppelner Schlesien

<blockquote class="wp-embedded-content" data-secret="ok69RHeDNe"><a href="https://skgd.pl/de/bjdm-rusza-z-zapisami-do-6-edycji-jugendpunkt/">BJDM startet die Anmeldung für die 6. Edition von Jugendpunkt!</a></blockquote><iframe sandbox="allow-scripts" security="restricted" src="https://skgd.pl/de/bjdm-rusza-z-zapisami-do-6-edycji-jugendpunkt/embed/#?secret=ok69RHeDNe" width="600" height="338" title="&#8222;BJDM startet die Anmeldung für die 6. Edition von Jugendpunkt!&#8220; &#8211; Deutsche Minderheit, Sozial-Kulturelle Gesellschaft der Deutschen im Oppelner Schlesien" data-secret="ok69RHeDNe" frameborder="0" marginwidth="0" marginheight="0" scrolling="no" class="wp-embedded-content"></iframe><script type="text/javascript">
/* <![CDATA[ */
/*! This file is auto-generated */
!function(d,l){"use strict";l.querySelector&&d.addEventListener&&"undefined"!=typeof URL&&(d.wp=d.wp||{},d.wp.receiveEmbedMessage||(d.wp.receiveEmbedMessage=function(e){var t=e.data;if((t||t.secret||t.message||t.value)&&!/[^a-zA-Z0-9]/.test(t.secret)){for(var s,r,n,a=l.querySelectorAll('iframe[data-secret="'+t.secret+'"]'),o=l.querySelectorAll('blockquote[data-secret="'+t.secret+'"]'),c=new RegExp("^https?:$","i"),i=0;i<o.length;i++)o[i].style.display="none";for(i=0;i<a.length;i++)s=a[i],e.source===s.contentWindow&&(s.removeAttribute("style"),"height"===t.message?(1e3<(r=parseInt(t.value,10))?r=1e3:~~r<200&&(r=200),s.height=r):"link"===t.message&&(r=new URL(s.getAttribute("src")),n=new URL(t.value),c.test(n.protocol))&&n.host===r.host&&l.activeElement===s&&(d.top.location.href=t.value))}},d.addEventListener("message",d.wp.receiveEmbedMessage,!1),l.addEventListener("DOMContentLoaded",function(){for(var e,t,s=l.querySelectorAll("iframe.wp-embedded-content"),r=0;r<s.length;r++)(t=(e=s[r]).getAttribute("data-secret"))||(t=Math.random().toString(36).substring(2,12),e.src+="#?secret="+t,e.setAttribute("data-secret",t)),e.contentWindow.postMessage({message:"ready",secret:t},"*")},!1)))}(window,document);
/* ]]> */
</script>

Wir freuen uns, euch mitteilen zu können, dass der Bund der Jugend der Deutschen Minderheit (BJDM) die sechste Edition seines Erfolgsprojekts Jugendpunkt einläutet! Es ist Zeit für außergewöhnliche Begegnungen, kreative Workshops und neue Energie in euren Orten. Wir unterstützen den BJDM bei der Bewerbung und laden euch herzlich zur Teilnahme ein! Das Projekt startet an [&hellip;]
